e (-2 + 5)/(p/6). Calculate the highest common divisor of q and 18.
6
Suppose -88 = 3*w - 7*w. What is the greatest common divisor of w and 55?
11
Let j(h) = -h**2 + 19*h - 16. Let t be j(14). What is the highest common divisor of t and 18?
18
Let t = -8 + 10. Let q be t - (-1 + (-1)/(-1)). Suppose 3*l - q = 10, -5*v - 2*l = -73. What is the highest common divisor of v and 104?
13
Let m = -36 + 54. What is the highest common factor of m and 72?
18
Let x(s) = -18*s**3. Let j be x(-1). Let a be 3 + j - (-1 - 2). Calculate the greatest common divisor of a and 6.
6
Suppose 3*q = -i, 1 + 8 = 3*i. Let d = q - -5. What is the highest common divisor of d and 32?
4
Let r(c) = -c**2 + 13*c - 18. Let l be r(10). What is the greatest common factor of 12 and l?
12
Let x = 182 - 143. What is the greatest common divisor of x and 117?
39
Suppose -5*s = -4*h + 178 - 43, -20 = -4*s. Calculate the highest common factor of 8 and h.
8
Let c = -80 + 114. Calculate the greatest common divisor of c and 17.
17
Let j = -113 - -206. Let k = j + -30. Suppose 2*m - 3*m = -7. What is the highest common divisor of m and k?
7
Let u = 6 + 0. Let b = 5 + -3. Suppose -138 = -2*c + 2*x, -5*c + 318 = 2*x + b*x. Calculate the highest common factor of c and u.
6
Suppose 0 = -4*y + a - 1, -5*y + 3*a = 7 - 4. Suppose 3*l + y*l - 18 = 0. Let b = 20 - 8. What is the greatest common factor of b and l?
6
Let n(v) = 595*v**2 + v - 1. Let q be n(1). Let j = q - 96. Suppose 3*p = o - 84, -5*o + 2*p = 79 - j. What is the greatest common divisor of 12 and o?
12
Let k = 2 + 2. Let q = 176 - 109. Let j = -35 + q. What is the highest common factor of k and j?
4
Suppose 19*i - 868 = -127. Let g be (39/(-2))/((-6)/8). What is the greatest common factor of g and i?
13
Suppose -2*n - 36 = -6*n. Suppose -h + 0*h = -2*q + n, 4*q + 4*h = 0. Suppose 0*u + 4*u - 84 = 0. What is the highest common divisor of u and q?
3
Let l(w) = -2*w**2 - 4*w - 2. Let c be l(-3). Let g = 1 - c. Let k = 25 - 19. Calculate the highest common divisor of g and k.
3
Suppose 0 = d - i + 2, 4*d + 12 = 3*d + 3*i. What is the highest common factor of d and 24?
3
Let t = 30 - 0. Let s be 14*3/(-9)*-3. Suppose -p - 2*p - s = -i, -84 = -4*i - 2*p. Calculate the highest common factor of t and i.
10
Let c = 54 + -34. Let u(i) = -i**3 - 5*i**2 + 2. Let j be u(-5). Let l = j + 28. What is the greatest common factor of c and l?
10
Let a = -128 + 214. What is the greatest common divisor of 43 and a?
43
Let f be 1878/42 - 4/(-14). Calculate the highest common factor of f and 9.
9
Let n(s) = 2*s**2 - 2*s. Let g be n(-2). Let f = -25 + 29. Calculate the greatest common divisor of g and f.
4
Let f(v) = -v**2 - 13*v - 6. Let d be f(-11). Calculate the highest common factor of 144 and d.
16
Let g = -27 + 54. Suppose -7 = z - g. What is the highest common divisor of 50 and z?
10
Let v be 0/(2 - (3 + -3)). Suppose -229 = -m - v*m. Suppose -61 = c - m. What is the greatest common divisor of c and 24?
24
Suppose -9*f + 6 = -7*f. What is the greatest common divisor of f and 3?
3
Let q = 106 - 78. What is the greatest common factor of 7 and q?
7
Suppose 3*c + p = 352, -p = 3*c + c - 470. Suppose -2*m - 4*f - 124 = 0, 3*m + 3*f - 195 = 6*m. Let k = c + m. What is the highest common factor of k and 6?
6
Let m(g) = g**2 - 5*g + 4. Suppose -i - 26 = 5*y, -3*i = -y - 2*i - 10. Let z be m(y). Let u be (-4)/10 + 52/5. Calculate the highest common divisor of z and u.
10
Suppose k - 2 = 0, 5*b + 5*k - k = 48. Suppose 0*s + o + 49 = 3*s, o = -1. Calculate the highest common divisor of b and s.
8
Let h = -4 + 1. Let z be h + 5 + 2*1. Suppose 5*g - 2 = 218. Calculate the highest common divisor of g and z.
4
Let v(l) = l**2 + 3*l - 4. Let p be v(-5). Calculate the highest common factor of p and 6.
6
Suppose -3*w = -3*c + 180, c - 2*w + 5*w = 44. Calculate the highest common factor of 8 and c.
8
Suppose -4*l = 4, -l + 34 + 45 = 5*a. What is the greatest common divisor of 24 and a?
8
Let b = -3 + 10. What is the greatest common divisor of b and 7?
7
Let z = -44 - -66. What is the highest common divisor of z and 110?
22
Suppose t + 3*t - 16 = 0. Let u be (t/6)/((-6)/(-9)). Suppose 0 = -4*w + 2*w + 18. Calculate the highest common divisor of w and u.
1
Suppose g - 391 = -5*n + 4*g, 3*n - 225 = 5*g. Let w be ((-6)/(-4))/(6/40). What is the greatest common factor of w and n?
10
Let k = 2 - -2. Suppose 0*m = -m + k. Calculate the greatest common factor of m and 4.
4
Let c be 1/(12/(-14) + 1). Let s(l) = -l**3 + 29*l**2 - 25*l - 35. Let h be s(28). What is the highest common divisor of h and c?
7
Let f(t) = t + 68 - 68. Let v be f(5). What is the greatest common divisor of v and 55?
5
Let m(i) = -2*i - 6. Let d be m(-5). Let a = -1 + 0. Let f be 2*a/(2/(-20)). What is the highest common factor of d and f?
4
Let g(f) = 4*f**2 - 4*f**2 + 1 - 3 + f**2 + f. Let m be g(-3). Suppose 2*b - 3*b + m = 0. Calculate the greatest common divisor of b and 4.
4
Let x = 11 - 8. Let k be (12/8)/(x/308). Suppose 0 = -s - s + k. Calculate the highest common divisor of s and 11.
11
Let s(z) = z**2 + 2*z + 6. Let o be s(-6). Suppose 0 = 3*c - 0*c - 3*u - 21, 0 = 5*c - 2*u - 44. Calculate the greatest common factor of o and c.
10
Let v = 58 + -35. Suppose -w + 3*t = -v, -5*w + 179 = 3*t - 8. Suppose 5*d = -2 + 27. Calculate the greatest common factor of w and d.
5
Suppose 5*o + 138 = 543. What is the greatest common factor of 9 and o?
9
Suppose -2*r + 14 = 5*i, -60 = -4*r - 0*i - 2*i. What is the greatest common factor of 51 and r?
17
Let t be 3*-1*(-3)/(-9). Let z be (-82)/(-8) - t/(-4). Let o(c) = 2*c**2 - 6*c - 5. Let b be o(z). What is the greatest common factor of b and 15?
15
Suppose -3*o + 21 = 3*g, -2*g - o = -17 + 5. Let p = 8 - g. Suppose -15 = p*t - 6*t. What is the highest common divisor of t and 1?
1
Let f = -16 - -21. Suppose -3*r + 19 = -0*r - f*i, -5*r + 3*i = -53. Let d = -174 - -291. What is the highest common divisor of d and r?
13
Let i(q) be the second derivative of -q + q**2 + 0 - 1/6*q**3. Let s be i(0). What is the greatest common factor of 16 and s?
2
Suppose 3*b - 15 + 0 = 0. Suppose -2*o = 3*o, b*c + 2*o = 50. What is the greatest common factor of 20 and c?
10
Let v = -39 + 63. Suppose -7*z + v = -4*z. What is the highest common divisor of 88 and z?
8
Let q(w) = w - 2. Let c be q(6). Suppose 224 = c*u - 4*r, -2*r + 222 = 4*u - 4*r. Calculate the greatest common factor of u and 22.
11
Let v(y) = 40*y + 5. Let o = -14 + 20. Let i(d) = -39*d - 6. Let a(k) = o*i(k) + 7*v(k). Let f be a(1). Calculate the highest common factor of 18 and f.
9
Suppose 0 = -8*o + 3*o + 340. What is the highest common divisor of 17 and o?
17
Suppose 4*j = -r + 98, -5*j + 7*r + 119 = 10*r. Suppose -3*z + 3*s = -297, 0 = 3*z - 4*s - 168 - 128. What is the greatest common factor of j and z?
25
Suppose 3*f + 44 = n, -9 = -n + 2*f + 39. Suppose 2*p + o - n = 78, -o + 199 = 3*p. What is the greatest common divisor of p and 26?
13
Let j(n) = n**3 - 8*n**2 + 2*n - 6. Suppose 6 = c - 2. Let q be j(c). What is the greatest common factor of 5 and q?
5
Suppose 2*x - 23 = 3*f - 7, 4*x - 22 = f. Suppose -29 - 11 = -x*t. What is the highest common factor of t and 24?
8
Let z be (0 - (-2 + 2)) + -113. Let a = z + 293. Suppose -a = -4*n + 2*n. Calculate the highest common factor of 9 and n.
9
Suppose -a + 3 - 1 = 4*t, 4*t - 12 = -2*a. Calculate the highest common divisor of 80 and a.
10
Let y(l) = l**2 + 14*l - 11. Let z be y(-15). Calculate the highest common divisor of z and 2.
2
Let v be 9/2*((-44)/(-6) - 6). What is the highest common divisor of v and 3?
3
Let d = -145 + 276. Suppose -d = -y + 78. What is the highest common divisor of y and 19?
19
Let n(m) = -m**3 - 6*m**2 - m - 4. Let i be n(-6). Suppose -8*w + 72 = -4*w - 4*r, 0 = i*r. What is the highest common factor of 2 and w?
2
Let r = 13 + 33. Calculate the greatest common factor of r and 23.
23
Let c(j) = j**3 - 3*j**2 - j + 1. Let o be c(4). Calculate the greatest common divisor of 39 and o.
13
Let h = -4 - -16. Calculate the greatest common divisor of 108 and h.
12
Suppose 32 = -5*d + 307. What is the greatest common factor of 22 and d?
11
Let l be (-825)/(-4 - -1) + 4. Calculate the greatest common factor of l and 31.
31
Let g be 14/(-6)*